eatest common factor of 102 and 3621.
51
What is the highest common divisor of 106 and 4?
2
What is the greatest common factor of 390 and 30?
30
What is the highest common divisor of 355 and 5?
5
What is the greatest common divisor of 228 and 152?
76
Calculate the highest common divisor of 27 and 99.
9
Calculate the greatest common factor of 52 and 36.
4
What is the greatest common divisor of 75 and 8025?
75
What is the highest common factor of 3008 and 64?
64
Calculate the highest common factor of 50 and 25.
25
What is the highest common divisor of 588 and 24?
12
Calculate the greatest common factor of 23 and 7613.
23
Calculate the greatest common factor of 90 and 81.
9
What is the highest common factor of 24 and 204?
12
What is the greatest common factor of 1416 and 24?
24
Calculate the highest common factor of 33 and 121.
11
What is the greatest common divisor of 1910 and 2?
2
What is the greatest common divisor of 22554 and 179?
179
Calculate the greatest common divisor of 730 and 73.
73
Calculate the greatest common factor of 104 and 650.
26
What is the highest common factor of 366 and 24?
6
Calculate the highest common factor of 1659 and 21.
21
What is the greatest common factor of 473 and 77?
11
What is the greatest common divisor of 978 and 12?
6
What is the highest common factor of 4584 and 96?
24
Calculate the highest common divisor of 21 and 5523.
21
Calculate the greatest common divisor of 196 and 4.
4
Calculate the greatest common divisor of 48 and 72.
24
What is the highest common factor of 33 and 3531?
33
What is the highest common divisor of 1460 and 40?
20
Calculate the highest common factor of 117 and 2106.
117
What is the highest common divisor of 48 and 3480?
24
Calculate the highest common divisor of 1176 and 63.
21
Calculate the highest common factor of 1 and 127.
1
Calculate the greatest common divisor of 170 and 50.
10
Calculate the highest common factor of 336 and 150.
6
Calculate the greatest common divisor of 5633 and 43.
43
Calculate the highest common factor of 14 and 3682.
14
Calculate the highest common divisor of 82 and 5822.
82
What is the greatest common factor of 504 and 1232?
56
What is the highest common divisor of 3550 and 142?
142
What is the greatest common divisor of 935 and 15?
5
Calculate the greatest common divisor of 452 and 1243.
113
Calculate the highest common divisor of 18 and 477.
9
Calculate the greatest common divisor of 174 and 5626.
58
What is the greatest common factor of 108 and 60?
12
Calculate the greatest common divisor of 176 and 2332.
44
Calculate the highest common divisor of 341 and 11.
11
What is the greatest common divisor of 221 and 39?
13
What is the highest common factor of 468 and 37284?
156
Calculate the greatest common divisor of 88 and 32.
8
What is the highest common factor of 320 and 15?
5
What is the highest common factor of 972 and 168?
12
Calculate the greatest common divisor of 2379 and 78.
39
What is the highest common divisor of 220 and 55?
55
What is the highest common factor of 357 and 34?
17
Calculate the greatest common divisor of 675 and 108.
27
Calculate the highest common divisor of 15832 and 8.
8
What is the highest common factor of 1403 and 122?
61
Calculate the highest common divisor of 477 and 45.
9
What is the greatest common factor of 12 and 66?
6
What is the highest common factor of 1159 and 57?
19
What is the highest common factor of 60 and 420?
60
Calculate the highest common divisor of 48 and 28800.
48
What is the greatest common divisor of 154 and 224?
14
Calculate the greatest common divisor of 1360 and 1960.
40
Calculate the highest common divisor of 925 and 74.
37
Calculate the greatest common divisor of 28740 and 60.
60
Calculate the highest common factor of 698 and 18.
2
What is the greatest common divisor of 15 and 220?
5
Calculate the greatest common divisor of 163 and 4727.
163
Calculate the greatest common divisor of 49 and 21.
7
What is the greatest common divisor of 96 and 3?
3
What is the greatest common divisor of 102 and 357?
51
Calculate the greatest common factor of 351 and 270.
27
Calculate the highest common factor of 10006 and 2.
2
What is the greatest common divisor of 796 and 8?
4
What is the greatest common factor of 6 and 62?
2
What is the greatest common divisor of 30 and 31035?
15
Calculate the greatest common factor of 48 and 18.
6
What is the greatest common divisor of 12477 and 3?
3
Calculate the highest common divisor of 6 and 24.
6
What is the greatest common factor of 25788 and 84?
84
Calculate the greatest common divisor of 20 and 680.
20
What is the highest common divisor of 425 and 595?
85
What is the greatest common factor of 504 and 48?
24
Calculate the highest common divisor of 56 and 21.
7
Calculate the greatest common divisor of 173 and 48786.
173
Calculate the highest common divisor of 1865 and 5.
5
Calculate the highest common factor of 559 and 43.
43
Calculate the greatest common divisor of 23688 and 8.
8
Calculate the highest common divisor of 15 and 730.
5
Calculate the highest common factor of 72 and 108.
36
Calculate the highest common factor of 150 and 1875.
75
What is the greatest common factor of 2418 and 156?
78
Calculate the highest common divisor of 1833 and 846.
141
Calculate the highest common divisor of 13 and 13.
13
Calculate the highest common divisor of 24 and 1944.
24
Calculate the highest common divisor of 64026 and 18.
18
What is the highest common divisor of 214 and 2675?
107
What is the highest common divisor of 1349 and 171?
19
Calculate the highest common factor of 48 and 496.
16
What is the highest common factor of 46 and 2438?
46
What is the greatest common divisor of 232 and 12?
4
What is the highest common factor of 2938 and 26?
26
Calculate the greatest common factor of 114 and 4503.
57
What is the highest common factor of 54 and 270?
54
Calculate the greatest common divisor of 25 and 1.
1
What is the highest common divisor of 70 and 870?
10
What is the highest common factor of 552 and 161?
23
What is the highest common factor of 24790 and 185?
185
Calculate the highest common factor of 38 and 5833.
19
Calculate the greatest common divisor of 31 and 310.
31
Calculate the greatest common divisor of 725 and 75.
25
Calculate the highest common divisor of 1000 and 125.
125
What is the highest common divisor of 822 and 35072?
274
What is the greatest common divisor of 412 and 8?
4
Calculate the greatest common divisor of 21125 and 375.
125
What is the highest common divisor of 11 and 341?
11
What is the highest common divisor of 2296 and 196?
28
What is the highest common factor of 24 and 396?
12
Calculate the highest common divisor of 413 and 59.
59
Calculate the greatest common factor of 390 and 9906.
78
What is the highest common factor of 61524 and 12?
12
Calculate the greatest common divisor of 41 and 943.
41
What is the highest common factor of 45 and 50?
5
Calculate the greatest common factor of 20 and 10850.
10
What is the highest common factor of 4749 and 9?
3
Calculate the greatest common factor of 11 and 5.
1
What is the greatest common divisor of 460 and 260?
20
What is the greatest common divisor of 1953 and 36?
9
Calculate the greatest common factor of 2204 and 580.
116
Calculate the highest common divisor of 440 and 8195.
55
What is the highest common divisor of 6 and 18?
6
Calculate the greatest common factor of 6925 and 225.
25
Calculate the greatest common factor of 810 and 40.
10
Calculate the greatest common divisor of 600 and 1425.
75
Calculate the greatest common factor of 54 and 135.
27
What is the highest common factor of 19 and 1558?
19
What is the greatest common divisor of 390 and 22100?
130
Calculate the highest common divisor of 32 and 992.
32
Calculate the greatest common divisor of 273 and 21.
21
Calculate the greatest common divisor of 1345 and 10.
5
What is the highest common factor of 1066 and 156?
26
What is the highest common divisor of 7 and 7?
7
What is the greatest common factor of 33388 and 51?
17
Calculate the greatest common divisor of 20 and 4.
4
Calculate the highest common factor of 120 and 8760.
120
Calculate the greatest common divisor of 2568 and 24.
24
Calculate the highest common factor of 39431 and 86.
43
What is the highest com